*3 + 660*x**2 + 95*x. What is c(19)?
0
Let w(n) = -n**3 - 2*n**2 - 247*n + 1087. Determine w(4).
3
Let n(o) = 3563*o + 42973. Give n(-12).
217
Let j(r) = -7*r**2 + 141*r + 1046. Give j(-8).
-530
Let j(o) = 2*o**2 + 17*o - 81856. Give j(-207).
323
Let g(r) = 3*r**3 + 254*r**2 - 335*r + 761. Give g(-86).
-13
Let z(c) = 2*c**2 - 932*c + 36376. What is z(43)?
-2
Let k(j) = -938*j**2 + 17831*j + 1. Give k(19).
172
Let p(l) = -2*l**2 - 125*l + 6646. What is p(-97)?
-47
Let o(q) = -115632*q + 693786. Give o(6).
-6
Let n(m) = 507187*m + 4057490. Give n(-8).
-6
Let b(c) = -2*c**2 + 97*c + 2464. Determine b(-18).
70
Let i(p) = -p**3 - 43*p**2 + 5091*p - 31. Calculate i(53).
128
Let k(o) = 36*o**3 + 401*o**2 + 386*o - 16. Calculate k(-1).
-37
Let y(g) = -1101*g - 268. What is y(-2)?
1934
Let q(r) = -2*r**3 - 305*r**2 - 617*r - 24794. Determine q(-151).
-30
Let t(g) = -996*g**2 + 61745*g + 422. What is t(62)?
-12
Let s(x) = 3*x**2 - 625669*x - 3128377. Determine s(-5).
43
Let k(z) = -z**2 - 129*z + 5041. Calculate k(32).
-111
Let t(j) = 29638*j - 9039595. Give t(305).
-5
Let m(n) = 5176*n + 37231. What is m(-7)?
999
Let i(j) = -304*j - 15000. What is i(-50)?
200
Let i(s) = -16965*s + 118904. Determine i(7).
149
Let n(f) = -2*f**3 + 909*f**2 + 402*f + 24082. Calculate n(455).
-33
Let i(d) = -56*d**2 + 21557*d + 1151. What is i(385)?
-4
Let q(l) = -7*l**2 - 174*l - 45. What is q(-8)?
899
Let r(t) = -t**3 - 27*t**2 + 5887*t + 91019. Determine r(-15).
14
Let v(g) = g**2 - 1273*g + 61161. Calculate v(50).
11
Let r(j) = 41*j**2 + 11*j - 436. Give r(3).
-34
Let f(t) = -238*t - 666. Give f(-4).
286
Let s(l) = l**2 + 123*l + 3290. Calculate s(-87).
158
Let x(p) = p**3 - 107*p**2 + 628*p + 46. Determine x(6).
178
Let u(d) = 563*d**3 + 151*d + 152. Determine u(-1).
-562
Let p(v) = -5*v**3 - 2393*v - 4782. Give p(-2).
44
Let f(x) = -x**2 - 18865*x + 302096. Give f(16).
0
Let u(k) = 12*k**2 - 319*k + 1508. Give u(6).
26
Let k(q) = -q**2 - 97*q - 139. Determine k(-21).
1457
Let s(h) = -h**2 - 37205*h - 3377369. Determine s(-91).
5
Let o(x) = -6358*x + 76306. What is o(12)?
10
Let f(p) = -p**2 + 5819*p + 40849. Calculate f(-7).
67
Let k(c) = 4851*c - 4824. Calculate k(1).
27
Let l(t) = -360*t + 7827. Give l(22).
-93
Let b(m) = m**3 - 133*m**2 - 12394*m - 2838. Give b(-63).
60
Let n(x) = 7*x**3 - 38*x**2 + 163*x - 1123. What is n(6)?
-1
Let o(p) = -5*p**2 - 32*p + 2645. Calculate o(20).
5
Let i(l) = 7*l**2 + 307*l + 3544. What is i(-12)?
868
Let g(k) = k**3 - 172*k**2 + 5948*k + 9773. Give g(123).
56
Let l(b) = -b**3 + 16*b**2 + 2091*b - 10738. Determine l(5).
-8
Let b(m) = 9*m + 30. Calculate b(6).
84
Let q(a) = -9*a**3 + 123*a**2 - 307*a - 158. What is q(4)?
6
Let l(d) = -33*d**3 + 10823*d**2 + 311*d + 5597. Give l(328).
21
Let a(w) = w**3 - 1088*w**2 - 19914*w + 6642. Determine a(1106).
6
Let k(c) = 5*c**3 + 1888*c**2 + 8553*c - 9709. Give k(-373).
-11
Let q(w) = -w**3 - 59*w**2 + 3*w + 669. Calculate q(-59).
492
Let i(u) = 21324*u - 16035650. Calculate i(752).
-2
Let z(b) = 72756*b - 72525. What is z(1)?
231
Let y(j) = -2*j**3 - 465*j**2 - 3609*j - 52652. Determine y(-225).
-2
Let z(b) = -42*b**2 + 4376*b - 742. Calculate z(104).
90
Let a(j) = j**2 + 575*j + 16078. Calculate a(-30).
-272
Let s(w) = 13*w**2 + 24*w + 138. Determine s(4).
442
Let d(m) = -m**3 - 500*m**2 + 661*m + 80126. Determine d(-501).
-34
Let o(a) = -2427*a + 24237. Determine o(10).
-33
Let g(o) = -o**2 + 49438*o - 33924428. Determine g(696).
4
Let g(n) = -9050*n + 325848. What is g(36)?
48
Let a(r) = -1743*r + 10634. What is a(6)?
176
Let y(n) = 7*n**2 - 4979*n - 306558. Calculate y(-57).
-12
Let i(k) = 476*k + 128020. Give i(-268).
452
Let l(q) = 4*q**2 - 876*q - 6339. What is l(226)?
-11
Let h(n) = 813*n - 8891. What is h(11)?
52
Let m(u) = -2*u**2 - 42*u - 310. What is m(-5)?
-150
Let o(t) = 26940*t - 242490. Give o(9).
-30
Let r(k) = k**2 - 65*k - 4176. Give r(-39).
-120
Let p(f) = -4*f**3 + 477*f**2 - 66*f + 51082. Give p(120).
-38
Let v(x) = x**2 + 65*x + 53. Calculate v(-85).
1753
Let n(m) = -265*m + 26036. Calculate n(101).
-729
Let z(i) = -1820*i - 290. What is z(-1)?
1530
Let l(w) = 97*w + 2387. Determine l(-25).
-38
Let a(d) = 271*d + 1456. Give a(6).
3082
Let r(i) = -i**3 + 4*i**2 + 176*i - 830. What is r(16)?
-1086
Let r(j) = -j**3 - 467*j**2 + 70*j + 32709. Calculate r(-467).
19
Let a(f) = 15002*f + 44890. What is a(-3)?
-116
Let d(i) = 2*i**3 - 10*i**2 + 3979*i - 15910. Give d(4).
-26
Let o(k) = 3*k**3 + 765*k**2 - 3103*k + 1289. Determine o(-259).
-6
Let g(p) = p**3 + 261*p**2 - 2426*p - 6. What is g(9)?
30
Let r(i) = 135*i + 1565. What is r(-20)?
-1135
Let l(y) = -186*y**2 + 11717*y + 95. Determine l(63).
32
Let h(x) = -x**3 + 101*x**2 + 161*x + 4543. What is h(103)?
-92
Let d(s) = 20*s**3 - s**2 - 57*s - 231. Calculate d(-4).
-1299
Let p(m) = -34*m - 2116. Give p(-57).
-178
Let g(w) = -2455*w - 37619. Calculate g(-15).
-794
Let g(s) = 322419*s + 1612122. What is g(-5)?
27
Let b(n) = -2*n**3 + 10*n**2 + 75910*n - 455389. Give b(6).
-1
Let u(t) = 2*t**3 - 6*t**2 + 64*t + 94. What is u(-7)?
-1334
Let m(a) = -50*a**2 - 24571*a - 169542. Give m(-7).
5
Let s(j) = -468*j**2 + 35*j + 40. Calculate s(-2).
-1902
Let a(x) = -96664*x + 869962. Give a(9).
-14
Let x(l) = 1038*l + 125542. What is x(-120)?
982
Let d(f) = 64*f**2 - 2377*f + 355. Give d(37).
22
Let q(g) = 7*g**2 - 1059*g - 3607. Calculate q(151).
-3909
Let l(k) = 108*k**2 + 3765*k - 7545. What is l(2)?
417
Let b(g) = -2*g**2 + 94*g + 1016. Calculate b(59).
-400
Let u(f) = -2*f**3 + 268*f**2 - 2025*f + 248. Give u(126).
-886
Let s(k) = 5*k**2 - 1365*k + 87984. Give s(105).
-216
Let r(p) = -2*p**2 + 7026*p - 2640759. Calculate r(428).
1
Let i(q) = 96*q - 13875. Determine i(144).
-51
Let g(b) = b**3 - 17*b**2 + 7*b + 169. Calculate g(14).
-321
Let q(v) = 121686*v + 730130. Calculate q(-6).
14
Let s(h) = 19*h - 623. Calculate s(27).
-110
Let d(v) = 3*v**3 + 32*v**2 - 7650*v - 84029. Calculate d(-11).
0
Let g(w) = 767*w + 111975. What is g(-146)?
-7
Let f(p) = -188*p - 40801. What is f(-217)?
-5
Let v(o) = -57235*o - 171774. Give v(-3).
-69
Let k(p) = -552*p + 3540. Give k(5).
780
Let h(w) = 4*w**2 + 9511*w - 57228. Calculate h(6).
-18
Let i(z) = -2747*z - 2456. Give i(-1).
291
Let j(h) = -114*h - 19956. Determine j(-176).
108
Let f(k) = k**3 - 33*k**2 + 289*k - 587. Calculate f(20).
-7
Let g(m) = 110*m + 25933. Determine g(-236).
-27
Let z(d) = -d**2 + 102*d - 864. Give z(61).
1637
Let a(m) = -17*m**2 - 574*m + 110. Determine a(-35).
-625
Let i(h) = -92*h**2 - 658*h + 615. What is i(-8)?
-9
Let g(l) = 47256*l - 519690. Determine g(11).
126
Let j(o) = o**3 - 75*o**2 + 1100*o - 1953. Calculate j(17).
-15
Let s(d) = 272*d**2 + 1100*d + 36. Calculate s(-4).
-12
Let o(a) = -16*a**3 - 29*a**2 + 141*a - 36. Calculate o(5).
-2056
Let v(k) = -55512*k + 110970. Determine v(2).
-54
Let u(x) = -2*x**3 + 9*x**2 + 160353*x - 962016. Determine u(6).
-6
Let w(t) = 11950*t - 716836. Give w(60).
164
Let a(s) = -171*s - 8974. Determine a(-48).
-766
Let j(o) = 28*o**2 - 539*o + 3203. What is j(6)?
977
Let j(u) = -3*u**2 - 97*u + 5101. Give j(28).
33
Let u(n) = 124*n**2 + 399*n + 1217. Determine u(-3).
1136
Let h(a) = -6335*a + 6190. Determine h(1).
-145
Let j(d) = 2*d**3 - 48*d**2 + 115*d + 9. Determine j(22).
603
Let n(p) = 43296*p - 346265. Calculate n(8).
103
Let q(f) = 2*f**3 - 106*f**2 - 835*f + 31. What is q(-7)?
-4
Let g(t) = t**3 - 102*t**2 + 1088*t - 2168. Determine g(90).
-1448
Let u(f) = f**2 + 14126*f + 197537. Give u(-14).
-31
Let t(y) = y**3 - 21*y**2 + 181*y - 4621. Calculate t(22).
-155
Let r(z) = -5125*z**2 - 56389*z - 222. Calculate r(-11).
-68
Let v(c) = 2*c**2 - 1951*c - 11622. What is v(-6)?
156
Let y(u) = -3464*u - 14028. What is y(-4)?
-172
Let y(g) = -10*g**2 + 75*g + 1142. Calculate y(-8).
-98
Let o(r) = -147*r - 2454. Calculate o(-23).
927
Let l(z) = z**3 + 10*z**2 + 315*z - 1925. Determine l(5).
25
Let r(f) = -2*f**3 + 44*f**2 + 1567*f - 384. Give r(41).
-15
Let a(q) = 3*q**2 + 132*q + 1505. Calculate a(-11).
416
Let u(l) = 10117874*l - 111296608. Calculate u(11).
6
Let f(v) = -137860*v - 12407405. Calculate f(-90).
-5
Let o(b) = 6446*b - 45133. Give o(7).
-11
Let d(y) = -2*y**3 + 360*y**2 + 214*y + 26925. Give d(181).
137
